 27*o + k, 2*o = -w + 889. What is the tens digit of w?
8
Let d be 0/(-4*6/12). Suppose -2*q = 4*j - 1076, j + 2*q + q - 274 = d. What is the tens digit of j?
6
Let s be -1 + -2*52/(-8). Suppose 17*m - s*m = 0. Suppose -7 = -z - m*z. What is the units digit of z?
7
Let i(f) = 7*f + 13. Let y be i(4). Suppose y*h - 1183 = 34*h. What is the hundreds digit of h?
1
Let j(v) = 3*v**3 + 77 - 6*v**3 + 393 + 2*v**3 - 3*v. What is the units digit of j(0)?
0
Let l = -124 + 131. Let n(o) = -o**3 + 10*o**2 + 3*o + 8. What is the tens digit of n(l)?
7
Let g(x) be the third derivative of 5*x**5/6 + 7*x**4/12 + x**3/3 + 6*x**2. Let w be g(-8). What is the units digit of 2/(-7) + w/35 + -1?
7
Suppose 115*i = 3*w + 120*i - 3951, -w - 5*i + 1297 = 0. What is the hundreds digit of w?
3
Suppose -7*l = -11*l + 160. Let a = l - 35. Suppose -3*y + 325 = -a*k, -3*y - 2*k + 238 = -y. What is the tens digit of y?
1
Suppose 62562 = 3*x - 9*u, -87250 = -3*x + 3*u - 24664. What is the ten thousands digit of x?
2
Suppose 4*j - 1022 = -6*w + 4*w, 0 = 2*j - 5*w - 493. Suppose -j = -2*t + 22. Suppose -3*m = -12, 2*v + m - t = 4*m. What is the units digit of v?
5
Suppose 4*c - 80 = 2*c. Let s be c/(-30)*18/(-8). Let t(l) = 10*l - 14. What is the units digit of t(s)?
6
Let m(y) = -23*y**2 + 3 + 1 - y**3 + 15*y**2 + 4*y**2 - 2*y - y. Let d(a) = a**2 + 7*a + 7. Let h be d(-5). What is the units digit of m(h)?
4
Let v(t) = 22*t**2 + 2*t + 6. Let n = -170 - -166. What is the units digit of v(n)?
0
Suppose 0 = -23*o + 935 - 199. Suppose -3*d = -4*d + 2*w + 47, 0 = -d - w + o. What is the units digit of d?
7
Let k be (5 - 6)*(4 + (2 - 3)). Let t be (k/12*37)/((-2)/24). Let a = t - -9. What is the units digit of a?
0
Let h(p) be the third derivative of p**5/60 - p**4/8 - 11*p**3/3 + 2*p**2 + p. What is the tens digit of h(-8)?
6
Let q(y) = -y**2 - 28*y - 31. Let v be q(-27). Let g be v/14 - (-159)/7*-8. Let b = g - -414. What is the tens digit of b?
3
Let v(k) = -4*k**3 - 2*k**2 - 84*k + 8. What is the units digit of v(-12)?
0
Suppose -s + 20 = -2*f - 5*s, 4*f - s = -67. Let p(k) be the first derivative of -k**2 + k + 7. What is the tens digit of p(f)?
3
Let m(f) = 2*f**3 - 22*f**2 + 6*f + 1. Let z be (-3)/7 + ((-1044)/(-42))/2. What is the units digit of m(z)?
1
Let q = -982 + 2417. What is the tens digit of q?
3
Suppose 32*v - 28*v + 473 = 5*g, 0 = 4*v + 5*g + 463. What is the hundreds digit of 3/(-2)*44538/v?
5
Suppose 7197*p - 7187*p = 39370. What is the hundreds digit of p?
9
Suppose -110*m + 352588 - 108498 = 0. What is the thousands digit of m?
2
Suppose -3*a - 7*w = -3*w - 13453, -5*a = w - 22399. What is the thousands digit of a?
4
Let d = 5 + -8. Let y = -2334 + 2341. What is the units digit of d + (-62)/(-14) - 3/y?
1
Let w be 92/(-5) + (-4)/(-10). Let x = 69 + 501. What is the tens digit of (w - 0)/(-5*12/x)?
7
Suppose 4*p + 36077 = 3*o, -o - 4985 + 17001 = -11*p. What is the units digit of o?
7
Suppose 0 = -8*c - 3451 + 56515. What is the units digit of c?
3
Suppose 0 = 4*z - 5*z - 4*x - 12, 0 = -4*z - 4*x - 24. Let m be 25 + (-15)/(20/z). Suppose 2*j + m = 178. What is the units digit of j?
5
Suppose -121803 = -3*t + 5*h + 17369, -h = -5. What is the units digit of t?
9
Suppose -35 = -4*c - 3*c. Suppose -2*q + 5*n = 2*q + 245, c*q + 328 = -n. Let g = q + 221. What is the tens digit of g?
5
Suppose -22*n + 34*n = -10908. Let y = n - -1893. What is the hundreds digit of y?
9
Suppose 3*q - 2815 = -5*t, -t + 0*t = 5*q - 563. Let p = -308 + t. Let a = p - 149. What is the tens digit of a?
0
Let x be 10/4 - -4*2/16. Suppose 3*p = 2*z + 3057, -x*z - z = -p + 1029. What is the units digit of p?
7
Let s(f) = 154*f + 1914. What is the hundreds digit of s(5)?
6
Suppose 2*w - 4478 = -4*p, 2561 = 4*p + 4*w - 1923. What is the thousands digit of p?
1
Let c = -1492 - -2236. Let z = c + -449. What is the units digit of z?
5
Let n = 13243 + -1371. What is the units digit of n?
2
Suppose 0 = v + c - 15886, -v + c = -1199 - 14691. What is the units digit of v?
8
Suppose 196*x = 208*x - 6372. Suppose -5*y = -x - 329. What is the tens digit of y?
7
Suppose 58*b - 67*b = -16488. Suppose b = 7*q + q. What is the hundreds digit of q?
2
Suppose -15*d - 8 = -16*d. Let o(v) = -9*v**3 + 9*v**3 - 3*v - v**3 + d*v**2. What is the tens digit of o(6)?
5
Let w = -21 - -26. Suppose 2*n + 3*n - 4*u = 143, -w*n = 3*u - 129. Let c = 58 - n. What is the tens digit of c?
3
Let u(t) = 4*t**2 + 3*t + 39. Let n be u(7). Let v = -18 + 192. Let m = n - v. What is the units digit of m?
2
Suppose -l + 62 = -5*r, -3*r = -7*r + 20. Let z = -173 + l. Let w = 219 + z. What is the hundreds digit of w?
1
Suppose 2*a + 6 = -g, -5 - 4 = -3*g + 3*a. Suppose -h = -g - 4. Suppose 0 = -4*w - f + 198, -192 = -0*w - h*w + 2*f. What is the tens digit of w?
4
What is the thousands digit of 1*7 - (-13156 + 5 + -8)?
3
Let n(t) = t**3 + 15*t**2 + 22*t - 55. What is the hundreds digit of n(13)?
9
What is the units digit of (27/((-108)/18512))/((-2)/3)?
2
Let b = 13783 - 2579. What is the thousands digit of b?
1
Let y = -8549 - -8628. What is the tens digit of y?
7
Suppose 0 = 2*g + 3*r - 2596, -6*r = -8*r. Suppose 4*w - 3222 = -5*f, -5*f + 3*f + 3*w = -g. What is the hundreds digit of f?
6
Suppose -2*f = -5*t + 6, 4*f - 2*t - 4 = -0*f. Suppose 22 + 8 = f*i. What is the hundreds digit of (-2)/5 - (-1 + (-2286)/i)?
1
Let q(c) = 2*c**2 - 13*c + 3. Let y(p) = -43*p - 5. Let h be y(-1). Suppose -k + 33 = h. What is the units digit of q(k)?
8
Suppose 2*n = -4*c + 454, c + 2*c + 12 = 0. Suppose n = 4*z - 105. What is the units digit of z?
5
What is the units digit of (-4)/(-3)*-6 + (63/(-21) - -3246)?
5
Suppose 271276 = 195*l - 576861 - 1497713. What is the ten thousands digit of l?
1
Let o be 13 + (5 + -1)*1. Suppose w = 2*w + 5*n + o, 2*w = -5*n - 24. Let k(t) = -15*t + 21. What is the tens digit of k(w)?
2
Let l = 59 - 128. Let u = l + 186. What is the units digit of u?
7
Suppose -8*r + 80 = 248. Let z be (-454)/(-12) + 0 - r/126. Let f = -9 + z. What is the tens digit of f?
2
Let x be 1819760/46 - 2*2. Suppose -13*o + x = 18*o. What is the units digit of o?
6
Suppose 2*p - 182 = 3*b, -3*b + 6*b - 476 = -5*p. Let g = 89 - p. Let a(o) = 3*o**2 + 11*o + 26. What is the tens digit of a(g)?
4
Let k be 27/3*4/(1 - -3). Let f = k + -10. What is the units digit of f + 14 + 32/(-8)?
9
Suppose -4*k + 1136 = 376. Suppose -f + 2*n = -k, 0 = -f + 4*n + 212 - 28. What is the tens digit of f?
9
Let t be (-1)/(-6)*(-72)/(-4). Suppose -t*v + 3900 = 12*v. What is the hundreds digit of v?
2
Suppose 5*y = j + 5, -3 = -3*j - 3*y - 0*y. Let d(p) = -7*p + 140. What is the tens digit of d(j)?
4
Suppose -78*b = 26*b - 1179776. What is the tens digit of b?
4
Let s = 2 - -18. Let c(f) be the first derivative of f**3/3 - 9*f**2 - 28*f - 15. What is the tens digit of c(s)?
1
Suppose -2*m - 2*a - 102 = 0, 7*m - 4*m - a = -173. What is the units digit of (-386)/(-2) + m/8 + 11?
7
Suppose -5*d = -4*b + 63657, 2058*b + 79535 = 2063*b + d. What is the ten thousands digit of b?
1
Suppose 11806*m - 11777*m = 928841. What is the tens digit of m?
2
Let d be 48/96 - (-3154)/(-4). Let f = d - -825. What is the units digit of f?
7
Let f = 184 + -168. Suppose -5*o + 1986 = 4*l, f*l - 4*o + 2487 = 21*l. What is the hundreds digit of l?
4
Suppose 0 = -g - 4*y + 26757, -62*y + 2 = -64*y. What is the hundreds digit of g?
7
Let m be (-4 + -11)*(-4)/6. Suppose -4*w - 4*x = -0*w - 28, 0 = 2*x + m. What is the units digit of (6/w)/(1/2)?
1
Let w = -2323 - -2021. Suppose -2043 = 4*m - a, m + 0*a = 3*a - 508. Let x = w - m. What is the tens digit of x?
0
Suppose 2*g + 5*b - 64 = 0, 3*g + 2*b - 22 - 52 = 0. Let q be (0 + 20)/5*-1. What is the units digit of (-3060)/(-110) - q/g?
8
Let h be (-21)/27 + 14/(-63). Let u be h - (-100)/(-3 + -2). Let n = 25 - u. What is the units digit of n?
6
Let b(d) = 12*d + 358. Suppose 3*p + 1 = 3*n + 7, 2*n = p - 2. What is the units digit of b(n)?
8
Let c be ((-3 - -3)/(-8))/1. Suppose -4*m + 3*i + 1685 = c, -5*m + 1566 = 5*i - 549. What is the hundreds digit of m?
4
Let f(l) be the first derivative of -11/2*l**2 + 6*l + 6. What is the units digit of f(-2)?
8
Let v(n) = -2*n**2 - 65*n - 79. Let r = -343 + 314. What is the tens digit of v(r)?
2
Suppose